me factors of 1273?
19, 67
List the prime factors of 34094.
2, 17047
List the prime factors of 2205.
3, 5, 7
List the prime factors of 12298.
2, 11, 13, 43
What are the prime factors of 111?
3, 37
List the prime factors of 1145.
5, 229
What are the prime factors of 36391?
151, 241
What are the prime factors of 1317?
3, 439
List the prime factors of 4721.
4721
List the prime factors of 2250.
2, 3, 5
List the prime factors of 74499.
3, 19, 1307
What are the prime factors of 25414?
2, 97, 131
List the prime factors of 2648.
2, 331
List the prime factors of 23006.
2, 11503
List the prime factors of 3795.
3, 5, 11, 23
What are the prime factors of 1964?
2, 491
What are the prime factors of 1320?
2, 3, 5, 11
What are the prime factors of 16530?
2, 3, 5, 19, 29
What are the prime factors of 3439?
19, 181
What are the prime factors of 52053?
3, 17351
What are the prime factors of 123?
3, 41
What are the prime factors of 2008?
2, 251
List the prime factors of 1400.
2, 5, 7
What are the prime factors of 71304?
2, 3, 2971
List the prime factors of 2666.
2, 31, 43
List the prime factors of 9368.
2, 1171
List the prime factors of 48210.
2, 3, 5, 1607
What are the prime factors of 25156?
2, 19, 331
List the prime factors of 2108.
2, 17, 31
List the prime factors of 261.
3, 29
What are the prime factors of 2339?
2339
What are the prime factors of 6921?
3, 769
What are the prime factors of 570?
2, 3, 5, 19
List the prime factors of 26345.
5, 11, 479
What are the prime factors of 443?
443
List the prime factors of 165965.
5, 19, 1747
List the prime factors of 7703.
7703
What are the prime factors of 1219?
23, 53
List the prime factors of 8161.
8161
List the prime factors of 5346.
2, 3, 11
List the prime factors of 21812.
2, 7, 19, 41
List the prime factors of 5614.
2, 7, 401
What are the prime factors of 129256?
2, 107, 151
List the prime factors of 8741.
8741
List the prime factors of 3479.
7, 71
What are the prime factors of 4553?
29, 157
List the prime factors of 10903.
10903
What are the prime factors of 2203?
2203
List the prime factors of 3270.
2, 3, 5, 109
What are the prime factors of 724?
2, 181
What are the prime factors of 14489?
14489
List the prime factors of 40686.
2, 3, 6781
What are the prime factors of 34789?
19, 1831
What are the prime factors of 706?
2, 353
What are the prime factors of 1698?
2, 3, 283
List the prime factors of 21248.
2, 83
What are the prime factors of 4651?
4651
List the prime factors of 109558.
2, 54779
What are the prime factors of 547?
547
List the prime factors of 572.
2, 11, 13
What are the prime factors of 67288?
2, 13, 647
What are the prime factors of 16229?
16229
List the prime factors of 66.
2, 3, 11
What are the prime factors of 1109?
1109
What are the prime factors of 18286?
2, 41, 223
List the prime factors of 28606.
2, 14303
What are the prime factors of 286?
2, 11, 13
List the prime factors of 28534.
2, 11, 1297
What are the prime factors of 58028?
2, 89, 163
List the prime factors of 1492.
2, 373
List the prime factors of 2050.
2, 5, 41
What are the prime factors of 4538?
2, 2269
List the prime factors of 1374.
2, 3, 229
List the prime factors of 2133.
3, 79
List the prime factors of 13013.
7, 11, 13
What are the prime factors of 1210?
2, 5, 11
What are the prime factors of 4685?
5, 937
What are the prime factors of 54817?
7, 41, 191
What are the prime factors of 2859?
3, 953
List the prime factors of 688.
2, 43
List the prime factors of 56156.
2, 101, 139
What are the prime factors of 4309?
31, 139
List the prime factors of 782.
2, 17, 23
List the prime factors of 22863.
3, 7621
List the prime factors of 46729.
83, 563
List the prime factors of 1858.
2, 929
List the prime factors of 20730.
2, 3, 5, 691
What are the prime factors of 57?
3, 19
What are the prime factors of 55715?
5, 11, 1013
What are the prime factors of 2663?
2663
List the prime factors of 3372.
2, 3, 281
What are the prime factors of 7161?
3, 7, 11, 31
List the prime factors of 24746.
2, 12373
What are the prime factors of 6171?
3, 11, 17
What are the prime factors of 5393?
5393
List the prime factors of 578.
2, 17
List the prime factors of 1082.
2, 541
What are the prime factors of 891?
3, 11
List the prime factors of 30068.
2, 7517
List the prime factors of 23959.
13, 19, 97
List the prime factors of 21750.
2, 3, 5, 29
What are the prime factors of 3604?
2, 17, 53
What are the prime factors of 30488?
2, 37, 103
List the prime factors of 45754.
2, 22877
List the prime factors of 449.
449
List the prime factors of 73.
73
What are the prime factors of 90407?
90407
List the prime factors of 8424.
2, 3, 13
What are the prime factors of 1172?
2, 293
What are the prime factors of 8383?
83, 101
What are the prime factors of 2149?
7, 307
What are the prime factors of 9237?
3, 3079
What are the prime factors of 19225?
5, 769
List the prime factors of 18702.
2, 3, 1039
What are the prime factors of 709?
709
What are the prime factors of 57767?
61, 947
List the prime factors of 6763.
6763
List the prime factors of 1693.
1693
List the prime factors of 5299.
7, 757
List the prime factors of 16625.
5, 7, 19
What are the prime factors of 18764?
2, 4691
What are the prime factors of 20058?
2, 3, 3343
List the prime factors of 40455.
3, 5, 29, 31
List the prime factors of 1044.
2, 3, 29
What are the prime factors of 48767?
48767
List the prime factors of 1538.
2, 769
What are the prime factors of 3805?
5, 761
List the prime factors of 33049.
33049
List the prime factors of 1433.
1433
What are the prime factors of 276?
2, 3, 23
What are the prime factors of 6814?
2, 3407
What are the prime factors of 620?
2, 5, 31
What are the prime factors of 2901?
3, 967
List the prime factors of 4085.
5, 19, 43
List the prime factors of 325.
5, 13
What are the prime factors of 3?
3
What are the prime factors of 1601?
1601
What are the prime factors of 94?
2, 47
What are the prime factors of 165566?
2, 19, 4357
List the prime factors of 21986.
2, 10993
What are the prime factors of 55373?
55373
What are the prime factors of 61197?
3, 20399
List the prime factors of 23962.
2, 11981
List the prime factors of 5415.
3, 5, 19
List the prime factors of 17103.
3, 5701
List the prime factors of 9448.
2, 1181
What are the prime factors of 1978?
2, 23, 43
List the prime factors of 850.
2, 5, 17
List the prime factors of 10196.
2, 2549
List the prime factors of 8687.
7, 17, 73
List the prime factors of 984.
2, 3, 41
What are the prime factors of 3432?
2, 3, 11, 13
What are the prime factors of 18484?
2, 4621
What are the prime factors of 2021?
43, 47
What are the prime factors of 662?
2, 331
What are the prime factors of 12628?
2, 7, 11, 41
List the prime factors of 88002.
2, 3, 4889
What are the prime factors of 2143?
2143
What are the prime factors of 6805?
5, 1361
List the prime factors of 69881.
7, 67, 149
What are the prime factors of 2650?
2, 5, 53
List the prime factors of 3122.
2, 7, 223
What are the prime factors of 61651?
61651
What are the prime factors of 14925?
3, 5, 199
What are the prime factors of 1555?
5, 311
What are the prime factors of 6190?
2, 5, 619
List the prime factors of 222.
2, 3, 37
List the prime factors of 2497.
11, 227
What are the prime factors of 24112?
2, 11, 137
List the prime factors of 56877.
3, 18959
What are the prime factors of 858?
2, 3, 11, 13
What are the prime factors of 813?
3, 271
What are the prime factors of 23900?
2, 5, 239
List the prime factors of 541.
541
What are the prime factors of 2138?
2, 1069
List the prime factors of 8203.
13, 631
List the prime factors of 825.
3, 5, 11
What are the prime factors of 3349?
17, 197
List the prime factors of 16752.
2, 3, 349
What are the prime factors of 84714?
2, 3, 7, 2017
What are the prime factors of 903?
3, 7, 43
What are the prime factors of 757?
757
What are the prime factors of 25483?
17, 1499
What are the prime factors of 848?
2, 53
What are the prime factors of 24593?
24593
List the prime factors of 6927.
3, 2309
What are the prime factors of 2715?
3, 5, 181
List the prime factors of 3992.
2, 499
List the prime factors of 55376.
2, 3461
List the prime factors of 3163.
3163
List the prime factors of 3673.
3673
List the prime factors of 22390.
2, 5, 2239
List the prime factors of 